 n(-5)?
2
Let z(s) = -s + 16. Suppose 0 = -332*o + 279*o + 318. Calculate z(o).
10
Let q(s) be the third derivative of 5*s**4/6 + s**3/6 + 314*s**2. Calculate q(1).
21
Let f(i) = -i**2 + 7*i. Suppose 0 = -393*r + 399*r - 240. Suppose -14*s + 19*s = r. Give f(s).
-8
Let a(f) = -6*f - 32. Let y(i) = -24*i - 117. Let u(d) = 9*a(d) - 2*y(d). Calculate u(-11).
12
Let t(v) be the second derivative of v**5/20 + v**4/12 - v**3/6 - 9*v**2/2 - 2513*v. Let q be (-33)/(-22) + 3/(-2). Suppose -2*b - 2*b = q. Determine t(b).
-9
Let j(r) be the second derivative of -r**6/720 - r**5/40 + 31*r**4/6 - 131*r. Let b(u) be the third derivative of j(u). Give b(9).
-12
Suppose -1786 + 328 = -9*u. Let d(m) = -m - 80 + u - 81. Suppose -4*n + 11 - 7 = 0. What is d(n)?
0
Let z(c) = 241 - 122 + 2*c**2 - 120 + c**3. Suppose 2*a - 202 = 2*r, -3*a - 282 = 3*r + a. Let k = r - -96. Give z(k).
-1
Let u(w) = -w - 3. Let l = 48 - 43. Suppose 4*f + 17 - l = 0. Let r be f/(-15) - (-238)/35. Determine u(r).
-10
Let u(q) = q**2 - 28*q + 50. Let l(s) = -5*s + 9. Let o(t) = -4*l(t) + u(t). What is o(4)?
-2
Let n(y) be the second derivative of 83*y + 1/3*y**3 - y**2 + 0. Determine n(-1).
-4
Let w(f) = f**3 - 9*f**2 - 3*f + 16. Let p be (-1)/(-1) + (18/9 - -5). Determine w(p).
-72
Suppose 5*z + 5*i + 5 = 0, 5*z - i - 15 = 4*i. Suppose -j + 2*q = -12, 3 = j + 3*q + z. Suppose 0 = -d + j*d - 42. Let c(p) = p - 3. What is c(d)?
3
Let r(t) = 4*t**3 - 7*t**2 + 5*t + 13. Let s(w) = -3*w**3 + 8*w**2 - 6*w - 13. Let q(l) = -2*r(l) - 3*s(l). Suppose -333*i + 81 = -324*i. Give q(i).
4
Let k(d) = -d**2 + 6*d + 3. Let r(b) = b + 7. Let h be r(-6). Suppose h - 1 = -10*p. Suppose -2*c - 4*q + 6 = p, -5*c - 2*q + 22 + 9 = 0. Determine k(c).
-4
Let f(t) = -2*t**3 - t**2 + 13*t - 9. Let z(s) = -3*s**3 - s**2 + 20*s - 14. Let j(d) = 8*f(d) - 5*z(d). Let g = 66231 - 66229. Determine j(g).
-14
Let s be -8*1/(-10)*185/2. Suppose -8*f + s = -142. Suppose 5 = -26*q + f*q. Let j(y) = -y + 4. What is j(q)?
-1
Let j(m) be the third derivative of 7*m**6/30 - m**5/20 + m**4/8 - m**3/3 - 333*m**2. Determine j(1).
26
Suppose 0 = 3*s - 2 - 16. Let h(j) be the first derivative of -j**3/2 + 4*j**2 - 21*j + 19. Let t(x) be the first derivative of h(x). Calculate t(s).
-10
Let y = 6 - 13. Let x be ((-5)/y - (-10)/35) + -6. Let t(r) be the third derivative of r**6/120 + r**5/10 + r**4/4 + r**3/3 - r**2. Calculate t(x).
-3
Let h(s) be the first derivative of -s**3/3 - 21*s**2/2 + 32*s + 2177. Determine h(-21).
32
Let g(u) = 3*u + 17. Let x be g(-5). Suppose 1 = x*i - 0*i + 3*l, 2*l = 3*i - 21. Let n(w) = -4*w**2 + 10*w**3 - 4*w**3 - 1 - i*w - 7*w**3. Determine n(-4).
19
Suppose -2*o = 0, -k + 3*k - 22 = -3*o. Let j(x) be the first derivative of x**2/2 - 13*x + 9084. Give j(k).
-2
Let g(y) = -5*y - 60. Let k = 3366 - 3381. Calculate g(k).
15
Let i be 0*1/(-2) - 47. Let z be (2 - 57/95)/((-2)/(-70)). Let a = z + i. Let d(q) = -2*q**3 + 2*q**2 + 3*q - 2. Give d(a).
-4
Let m(n) = -n**2 + 10*n + 1. Suppose -h + 5*h + 68 = 0. Let r = -7 - h. Let i be m(r). Let j(k) = 4*k. Calculate j(i).
4
Let d(x) = 46*x - x**3 + 59*x + 1 - 102*x - 6*x**2 - 13. Determine d(-7).
16
Suppose 4*o + 11*t - 32 = -57, -9 = -3*o + t. Let d(z) = -2*z**3 + 3*z**2 - 2*z + 1. Calculate d(o).
-7
Let t(w) = 8*w + 64. Let d(u) = -20*u - 847. Let l be d(-42). What is t(l)?
8
Let o be (-1 - (-4)/1)*(-18)/(-216)*-52. Let u(a) = 4*a + 7. Let q(c) = -5*c - 6. Let b(x) = -3*q(x) - 4*u(x). What is b(o)?
3
Let p = -78 + 80. Suppose -3*c + 0*c = -s + 6, -2*s + 4 = p*c. Suppose -s*q - 7 = 4*u + 4, -5 = -5*u. Let z(f) = -f**2 - 4*f + 7. Calculate z(q).
2
Let l be 11/2 + (-30)/60. Let u(f) be the third derivative of 0 + 0*f - 1/24*f**4 - 1/3*f**3 - 1/60*f**l + 20*f**2. Determine u(-2).
-4
Let i(w) = -w**3 + w**2 - w + 1. Let b(y) = 3*y**3 + y**2 + 8*y - 8. Let h(o) = b(o) + 4*i(o). Give h(7).
-74
Let v(c) be the first derivative of c**4/4 - c**2 - 10*c + 3959. Calculate v(0).
-10
Suppose -864*p + 1588 = 724*p. Let a(f) = 20*f + 1. Let v(o) = 40*o + 2. Let t(w) = 5*a(w) - 2*v(w). Calculate t(p).
21
Let f(o) = 25*o - 66. Let j be f(7). Let m = j - 116. Let h(c) = -c. Determine h(m).
7
Let z(i) be the third derivative of i**4/24 - 4*i**3/3 - 16*i**2. Let a = 50 - 28. Suppose -27*l + 45 = -a*l. Determine z(l).
1
Let b(u) = -u - 2. Let o(s) = 21*s + 33. Let h(y) = -18*b(y) - o(y). Let k be 4/(-12)*0/(-1). Suppose k = 2*v + 3*v + 30. Calculate h(v).
21
Let b(v) be the first derivative of -v**3/3 - 5*v**2 + 7*v - 9099. Calculate b(-13).
-32
Suppose -2*h + 7*h = -4*m + 147, 0 = 3*h + 5*m - 83. Let i(c) = -27 + 59 + c - h. Give i(-7).
-6
Let m(p) = -5*p + 4. Let w = -98 - -93. Let o(v) = 7*v - 4. Let y(l) = w*m(l) - 4*o(l). Give y(5).
-19
Let a = -505 - -500. Let i(c) = -3*c - 4. Let t(j) = j + 8. Let k(w) = i(w) - 3*t(w). What is k(a)?
2
Let w(v) = -v**3 - 32*v**2 - 2*v - 34*v**2 - 5 + 35*v**2 + 0 + 29*v**2. Determine w(-3).
10
Let g(u) = 12*u**2 - 3*u**2 - 25 + 4423091*u - 4423093*u - u**3. Calculate g(8).
23
Suppose -2*r + 15 = -45. Suppose -4*m - y = 18 - 53, -3*m = 2*y - r. Let b be (8/4)/(m/20). Let o(u) = -u**3 + 6*u**2 - 4*u + 1. Determine o(b).
6
Suppose 2*a + 2*m + 20 = 6*a, -14 = -3*a + m. Let n(l) = 3*l**3 - 4*l**2 - 6*l. Determine n(a).
104
Let d(m) be the second derivative of 0*m**3 + 33*m + 0 - m**2 - 1/4*m**4. Let z(r) = -r - 9. Let l be z(-7). Give d(l).
-14
Let d = -27319 - -27308. Let i(k) be the third derivative of k**4/12 + 7*k**3/3 + 4*k**2. Give i(d).
-8
Let m(i) = i**3 - 4*i**2 - 8*i + 8. Suppose 0 = -60*q + 55*q + 25. Let r be m(q). Let o(k) = k**2 + 6*k - 1. Calculate o(r).
6
Let j(h) = 6752*h - h**2 - 10 - 13534*h + 6767*h + 2. What is j(-4)?
36
Let z(i) = 7*i - 27. Let d(k) = -21*k + 80. Let h(w) = 4*d(w) + 11*z(w). What is h(10)?
-47
Let a(i) = -i**3 + 6*i**2 - 6*i + 7. Let b be a(5). Let s(c) = -c + 5*c**2 - 3*c - b*c**2 - 2*c**2 - 5. Let r = 274 + -270. Give s(r).
-5
Let c(b) = b**2 + 0 + 4 - 21*b + 27*b + 2. Give c(-3).
-3
Let u(i) = 31 - i**3 + i + 38*i**2 + 12*i**2 + 3*i + 3*i**2 - 63*i**2. Calculate u(-10).
-9
Let d(n) = 3*n**3 - 19*n**2 - n - 1. Let r(m) = 7*m**3 - 48*m**2 - 2*m. Let f(u) = 5*d(u) - 2*r(u). Suppose -5*w = -6*w. Calculate f(w).
-5
Let z(g) = 2*g - 4. Let u be z(4). Let q(a) = -6*a**2 - 793*a**3 + 794*a**3 + u + 7*a**2. Give q(0).
4
Let c be 0/((-1 + 2)*3). Suppose -17 = -o + 4*z, c*z = -2*o + 2*z + 52. Let t(b) = -b + o - 21 + b**2 - 17. Calculate t(0).
-9
Suppose 2*o = -2*j + 304, 5*o - 6*j - 796 = -2*j. Let x = -164 + o. Let v(k) = k - 4. Let t(h) = 1. Let y(q) = -5*t(q) - v(q). What is y(x)?
7
Suppose -2*p = 5*u - 1, -61*p + 5*u = -56*p - 55. Let q(y) be the second derivative of -y**3/6 + 9*y**2/2 + 135*y. Calculate q(p).
1
Suppose 0 = -85*m + 73*m + 300. Let k(j) = j - 31. What is k(m)?
-6
Let f(t) = -t**3 + 2*t - 2*t**2 - t**2 - 1 + 3*t. Suppose 0 = 26*o - 2*o + 139 - 43. What is f(o)?
-5
Let v(c) = -25 - 26 + 48 + 5*c. Let w be v(2). Let a(z) = w*z + 3 - z**2 - 9 + 2. What is a(5)?
6
Let d = 385 + -370. Suppose -163*i = -166*i + d. Let l(y) = -2*y - 4. Give l(i).
-14
Let m(q) = q - 39. Let c(x) = -7. Let k(z) = -6*c(z) + m(z). Suppose 6*p + 9 = -15. Let u be ((-6)/p)/((-2)/8). Give k(u).
-3
Let p(l) = -5*l**2 + 7*l + 6. Let m(t) = 9*t**2 - 15*t - 12. Let y(f) = -4*m(f) - 7*p(f). Let w be (9/(-15) + 104/65)*11. What is y(w)?
6
Suppose 0 = -3*g - 3*c - 18, 2*g = g + 3*c - 2. Let w = g + 10. Let f(h) = -146774964*h + 1 + 5*h**2 - h**3 + 146774964*h. Calculate f(w).
1
Let q(g) = 2*g**3 - 32*g**2 + 30*g - 10. Let w = 9178 + -9163. Give q(w).
-10
Let o be (5 - 2) + -1 + -2. Let a(q) be the third derivative of 0*q - 48*q**2 - 1/24*q**4 - 3*q**3 + 0. Determine a(o).
-18
Let d(n) = 39*n**3 + n**2. Suppose -5*u - 3 = 4*i - 7*i, -3*u - 4 = -4*i. Give d(i).
40
Suppose -t - 2*t + 83 = -4*q, 0 = -4*t + 2*q + 104. Suppose 5 - t = -4*n. Suppose -n*a + 89 = 69. Let d(o) = -o**2 + 4*o - 1. Give d(a).
-1
Let a(h) = h**2 + 14*h - 30. Let p be a(-16). Let j(r) = 0*r**2 - 3*r**2 + 5 + p*r**2 + 8*r. Suppose -8*m - 24 = -11*m. What is j(m)?
5
Let s = 42 - 41. Let p(y) = 16*y**3 - 2*y**3 - s - 2*y + 3*y**2 - 6*y**3 - 9*y**3. Suppose -5*n + 12 = -n. Determine p(n).
-7
Let d(j) = -62*j + 2855. Let u be d(46). Let h(o) = -o**3 + 4*o - 6. Let q(